{"id":8,"date":"2021-05-13T03:09:17","date_gmt":"2021-05-13T03:09:17","guid":{"rendered":"http:\/\/umitsahin.com\/?page_id=8"},"modified":"2021-05-18T23:26:55","modified_gmt":"2021-05-18T23:26:55","slug":"portfolio","status":"publish","type":"page","link":"https:\/\/umitsahin.com\/?page_id=8","title":{"rendered":"PORTFOLIO"},"content":{"rendered":"\n<div class=\"wp-block-buttons is-layout-flex wp-block-buttons-is-layout-flex\">\n<div class=\"wp-block-button has-custom-width wp-block-button__width-50\"><a class=\"wp-block-button__link\" href=\"http:\/\/umitsahin.com\/?page_id=44\" style=\"border-radius:4px\">W\u0131ld accumulat\u0131on ser\u0131es<\/a><\/div>\n\n\n\n<div class=\"wp-block-button has-custom-width wp-block-button__width-50\"><a class=\"wp-block-button__link\" href=\"http:\/\/umitsahin.com\/?page_id=108\" style=\"border-radius:4px\">\u0131ncept\u0131on ser\u0131es<\/a><\/div>\n\n\n\n<div class=\"wp-block-button has-custom-width wp-block-button__width-50\"><a class=\"wp-block-button__link\" href=\"http:\/\/umitsahin.com\/?page_id=131\" style=\"border-radius:4px\">creat\u0131on ser\u0131es<\/a><\/div>\n\n\n\n<div class=\"wp-block-button has-custom-width wp-block-button__width-50\"><a class=\"wp-block-button__link\" href=\"http:\/\/umitsahin.com\/?page_id=133\" style=\"border-radius:4px\">f\u0131h\u0131 maf\u0131h ser\u0131es<\/a><\/div>\n\n\n\n<div class=\"wp-block-button has-custom-width wp-block-button__width-50\"><a class=\"wp-block-button__link\" href=\"http:\/\/umitsahin.com\/?page_id=135\" style=\"border-radius:4px\">s\u0131nners ser\u0131es<\/a><\/div>\n\n\n\n<div class=\"wp-block-button has-custom-width wp-block-button__width-50 is-style-fill\"><a class=\"wp-block-button__link\" href=\"http:\/\/umitsahin.com\/?page_id=137\" style=\"border-radius:4px\">fool ser\u0131es<\/a><\/div>\n<\/div>\n\n\n\n<figure class=\"wp-block-image size-large is-resized is-style-default\"><img decoding=\"async\" loading=\"lazy\" src=\"http:\/\/umitsahin.com\/wp-content\/uploads\/2021\/05\/Davetiye-tasarim-724x1024.jpg\" alt=\"\" class=\"wp-image-113\" width=\"913\" height=\"1291\" srcset=\"https:\/\/umitsahin.com\/wp-content\/uploads\/2021\/05\/Davetiye-tasarim-724x1024.jpg 724w, https:\/\/umitsahin.com\/wp-content\/uploads\/2021\/05\/Davetiye-tasarim-212x300.jpg 212w, https:\/\/umitsahin.com\/wp-content\/uploads\/2021\/05\/Davetiye-tasarim-768x1086.jpg 768w, https:\/\/umitsahin.com\/wp-content\/uploads\/2021\/05\/Davetiye-tasarim-1086x1536.jpg 1086w, https:\/\/umitsahin.com\/wp-content\/uploads\/2021\/05\/Davetiye-tasarim-1448x2048.jpg 1448w, https:\/\/umitsahin.com\/wp-content\/uploads\/2021\/05\/Davetiye-tasarim-scaled.jpg 1810w\" sizes=\"(max-width: 913px) 100vw, 913px\" \/><\/figure>\n\n\n\n<p><\/p>\n","protected":false},"excerpt":{"rendered":"","protected":false},"author":1,"featured_media":0,"parent":0,"menu_order":0,"comment_status":"closed","ping_status":"closed","template":"","meta":{"footnotes":""},"_links":{"self":[{"href":"https:\/\/umitsahin.com\/index.php?rest_route=\/wp\/v2\/pages\/8"}],"collection":[{"href":"https:\/\/umitsahin.com\/index.php?rest_route=\/wp\/v2\/pages"}],"about":[{"href":"https:\/\/umitsahin.com\/index.php?rest_route=\/wp\/v2\/types\/page"}],"author":[{"embeddable":true,"href":"https:\/\/umitsahin.com\/index.php?rest_route=\/wp\/v2\/users\/1"}],"replies":[{"embeddable":true,"href":"https:\/\/umitsahin.com\/index.php?rest_route=%2Fwp%2Fv2%2Fcomments&post=8"}],"version-history":[{"count":13,"href":"https:\/\/umitsahin.com\/index.php?rest_route=\/wp\/v2\/pages\/8\/revisions"}],"predecessor-version":[{"id":140,"href":"https:\/\/umitsahin.com\/index.php?rest_route=\/wp\/v2\/pages\/8\/revisions\/140"}],"wp:attachment":[{"href":"https:\/\/umitsahin.com\/index.php?rest_route=%2Fwp%2Fv2%2Fmedia&parent=8"}],"curies":[{"name":"wp","href":"https:\/\/api.w.org\/{rel}","templated":true}]}}